{"id":5502,"date":"2023-04-23T10:18:38","date_gmt":"2023-04-23T10:18:38","guid":{"rendered":"https:\/\/teensandfriendsunited.org\/?page_id=5502"},"modified":"2023-04-23T11:11:46","modified_gmt":"2023-04-23T11:11:46","slug":"aaron-thorne","status":"publish","type":"page","link":"https:\/\/teensandfriendsunited.org\/?page_id=5502&lang=es","title":{"rendered":"Aaron Thorne"},"content":{"rendered":"\n<p class=\"has-small-font-size\"><em><em>(disclaimer: translated from English with ChatGPT on 23-April-2023)<\/em><\/em><\/p>\n\n\n\n<h4 class=\"wp-block-heading has-text-align-center blue-link has-black-color has-text-color\"><a href=\"https:\/\/teensandfriendsunited.org\/?page_id=14&amp;lang=en\">Sobre nosotros<\/a><\/h4>\n\n\n\n<div class=\"wp-block-columns is-layout-flex wp-container-core-columns-is-layout-9d6595d7 wp-block-columns-is-layout-flex\">\n<div class=\"wp-block-column is-layout-flow wp-block-column-is-layout-flow\" style=\"flex-basis:33.33%\">\n<figure class=\"wp-block-image size-large is-style-default\"><img loading=\"lazy\" decoding=\"async\" width=\"1024\" height=\"977\" src=\"https:\/\/teensandfriendsunited.org\/wp-content\/uploads\/2021\/08\/aaron-1024x977.jpg\" alt=\"\" class=\"wp-image-3590\" srcset=\"https:\/\/teensandfriendsunited.org\/wp-content\/uploads\/2021\/08\/aaron-1024x977.jpg 1024w, https:\/\/teensandfriendsunited.org\/wp-content\/uploads\/2021\/08\/aaron-300x286.jpg 300w, https:\/\/teensandfriendsunited.org\/wp-content\/uploads\/2021\/08\/aaron-768x733.jpg 768w, https:\/\/teensandfriendsunited.org\/wp-content\/uploads\/2021\/08\/aaron.jpg 1084w\" sizes=\"auto, (max-width: 1024px) 100vw, 1024px\" \/><figcaption class=\"wp-element-caption\">Aaron Thorne &#8211; <em>Communications Manager<\/em><\/figcaption><\/figure>\n<\/div>\n\n\n\n<div class=\"wp-block-column is-layout-flow wp-block-column-is-layout-flow\" style=\"flex-basis:66.66%\">\n<h1 class=\"wp-block-heading\">Aaron Thorne <\/h1>\n\n\n\n<h6 class=\"wp-block-heading\"><em>Coordinador\/a de voluntarios y Gerente de Comunicaciones<\/em><\/h6>\n\n\n\n<hr class=\"wp-block-separator has-text-color has-yellow-color has-css-opacity has-yellow-background-color has-background\"\/>\n\n\n\n<p>\u00a1Hola! \u00a1Soy Aaron! Tengo 23 a\u00f1os, y vivo y trabajo como asesor financiero en el hermoso condado de Dorset.<\/p>\n\n\n\n<p>Mis intereses son la investigaci\u00f3n del mercado de valores, especialmente las acciones de energ\u00eda renovable, que son m\u00e1s necesarias que nunca para acelerar nuestra transici\u00f3n a la energ\u00eda renovable y proteger nuestra propia salud y la del planeta.<\/p>\n<\/div>\n<\/div>\n\n\n\n<p>Cuando no estoy investigando en el mercado de valores o estudiando para mi maestr\u00eda, disfruto leyendo todos los art\u00edculos perspicaces sobre nuestro mundo natural escritos por la fundadora de TAFU, Nika, y los incre\u00edbles colaboradores de todo el mundo que est\u00e1n haciendo un cambio real en sus entornos locales mediante proyectos ecol\u00f3gicos impactantes dirigidos por la comunidad. No puedo esperar para presenciar m\u00e1s del trabajo asombroso, las ideas y la ense\u00f1anza que est\u00e1n por venir.<\/p>\n\n\n\n<p>Me un\u00ed a TAFU para contribuir en la forma en que pueda para proteger el medio ambiente y crear conciencia sobre la necesidad desesperada de acci\u00f3n individual, responsabilidad personal y sentido com\u00fan, tal como lo ha observado sabiamente nuestra presidenta y fundadora, Nika.<\/p>\n\n\n\n<p>Aaron Thorne<\/p>\n","protected":false},"excerpt":{"rendered":"<p>(disclaimer: translated from English with ChatGPT on 23-April-2023) Sobre nosotros Aaron Thorne Coordinador\/a de voluntarios y Gerente de Comunicaciones \u00a1Hola! \u00a1Soy Aaron! Tengo 23 a\u00f1os, y vivo y trabajo como<\/p>\n<p class=\"more-link\"><a href=\"https:\/\/teensandfriendsunited.org\/?page_id=5502&#038;lang=es\" class=\"readmore\">Continue reading<svg class=\"icon icon-arrow-right\" aria-hidden=\"true\" role=\"img\"> <use href=\"#icon-arrow-right\" xlink:href=\"#icon-arrow-right\"><\/use> <\/svg><span class=\"screen-reader-text\">Aaron Thorne<\/span><\/a><\/p>\n","protected":false},"author":1,"featured_media":0,"parent":3411,"menu_order":0,"comment_status":"closed","ping_status":"closed","template":"templates\/full-width-page.php","meta":{"inline_featured_image":false,"_monsterinsights_skip_tracking":false,"_monsterinsights_sitenote_active":false,"_monsterinsights_sitenote_note":"","_monsterinsights_sitenote_category":0,"footnotes":""},"class_list":["post-5502","page","type-page","status-publish","hentry"],"_links":{"self":[{"href":"https:\/\/teensandfriendsunited.org\/index.php?rest_route=\/wp\/v2\/pages\/5502","targetHints":{"allow":["GET"]}}],"collection":[{"href":"https:\/\/teensandfriendsunited.org\/index.php?rest_route=\/wp\/v2\/pages"}],"about":[{"href":"https:\/\/teensandfriendsunited.org\/index.php?rest_route=\/wp\/v2\/types\/page"}],"author":[{"embeddable":true,"href":"https:\/\/teensandfriendsunited.org\/index.php?rest_route=\/wp\/v2\/users\/1"}],"replies":[{"embeddable":true,"href":"https:\/\/teensandfriendsunited.org\/index.php?rest_route=%2Fwp%2Fv2%2Fcomments&post=5502"}],"version-history":[{"count":3,"href":"https:\/\/teensandfriendsunited.org\/index.php?rest_route=\/wp\/v2\/pages\/5502\/revisions"}],"predecessor-version":[{"id":5509,"href":"https:\/\/teensandfriendsunited.org\/index.php?rest_route=\/wp\/v2\/pages\/5502\/revisions\/5509"}],"up":[{"embeddable":true,"href":"https:\/\/teensandfriendsunited.org\/index.php?rest_route=\/wp\/v2\/pages\/3411"}],"wp:attachment":[{"href":"https:\/\/teensandfriendsunited.org\/index.php?rest_route=%2Fwp%2Fv2%2Fmedia&parent=5502"}],"curies":[{"name":"wp","href":"https:\/\/api.w.org\/{rel}","templated":true}]}}