{"id":3988,"date":"2021-08-14T06:04:39","date_gmt":"2021-08-14T06:04:39","guid":{"rendered":"https:\/\/teensandfriendsunited.org\/?page_id=3988"},"modified":"2023-04-23T11:02:14","modified_gmt":"2023-04-23T11:02:14","slug":"about-us","status":"publish","type":"page","link":"https:\/\/teensandfriendsunited.org\/?page_id=3988&lang=es","title":{"rendered":"Terms"},"content":{"rendered":"\n<h2 class=\"wp-block-heading has-text-align-center\">T\u00e9rminos y Condiciones para ser Voluntario<\/h2>\n\n\n\n<p class=\"has-text-align-center has-text-color\" style=\"color:#d3171b\"><br><strong>SE BUSCAN VOLUNTARIOS DE TODOS LOS PA\u00cdSES<\/strong><\/p>\n\n\n\n<p class=\"has-text-align-center has-text-color\" style=\"color:#0010ef\">Si cree que es un buen candidato para este puesto, cont\u00e1ctenos en info@teensandfriendsunited.org<\/p>\n\n\n\n<ul class=\"wp-block-list\">\n<li>Todos los voluntarios deber\u00e1n actuar en congruencia con el rol que han aceptado realizar para TAFU y compartiendo la visi\u00f3n y los modos de la organizaci\u00f3n y su presidente.<\/li>\n\n\n\n<li>Los representantes de un pa\u00eds\/idioma deber\u00e1n traducir las publicaciones creadas en ingl\u00e9s a su\/s idioma\/s y publicarlo, en acuerdo con el presidente, en grupos ambientales en su\/s idioma\/s. De igual manera, se espera que traduzcan el contenido del sitio web a su\/s idioma\/s.<\/li>\n\n\n\n<li>Todos los proyectos y planes son bienvenidos y deseados; sin embargo, deben realizarse en acuerdo con el presidente y no por iniciativa propia.<\/li>\n\n\n\n<li>Todos los representantes de pa\u00eds\/es deber\u00e1n representar a su\/s pa\u00eds\/es y no a otros. Deber\u00e1n copiar las partes del ingl\u00e9s\/franc\u00e9s y reproducir el contenido en su propio idioma. Los representantes para pa\u00edses e idiomas son necesarios, no para contribuir en los grupos\/sitios\/p\u00e1ginas etc. en ingl\u00e9s o franc\u00e9s., sino para replicar el mismo contenido en grupos\/sitios\/p\u00e1ginas, etc. en su\/s propio\/s idioma\/s.<\/li>\n\n\n\n<li>Nadie tiene permitido abrir ninguna cuenta en nombre de TAFU, a menos de ser aprobado por escrito por el presidente.<\/li>\n\n\n\n<li>En cualquiera de las cuentas que hayan sido aprobadas, cada publicaci\u00f3n deber\u00e1 ser aprobada.<\/li>\n\n\n\n<li>Nadie tiene permitido hablar en nombre de TAFU, a menos de ser espec\u00edficamente acordado por escrito.<\/li>\n\n\n\n<li>No est\u00e1 permitida la recaudaci\u00f3n de fondos, bajo ninguna circunstancia.<\/li>\n\n\n\n<li>Prohibido la auto-promoci\u00f3n, publicidad o marketing.<\/li>\n\n\n\n<li>No criticar, favorecer ni humillar activistas que participen en el proyecto de TAFU, o a nadie m\u00e1s en nombre de TAFU.<\/li>\n\n\n\n<li>TAFU no tiene ning\u00fan fin lucrativo y nunca lo tendr\u00e1.<\/li>\n\n\n\n<li>No se permite hacer protestas en nombre de TAFU.<\/li>\n\n\n\n<li>No se permiten actos violentos ni bullying, ni desanimar o favorecer a ning\u00fan activista por encima de otro.<\/li>\n\n\n\n<li>TAFU (Teens and Friends United) se reserva el derecho y propiedad de la p\u00e1gina web de TAFU as\u00ed como todas sus redes sociales, grupos etc, las p\u00e1ginas, grupos y cualquier cosa realcionada a: Eco-patrol\u201d, \u201cArt for Nature\u201d, \u201cGreat Attenborough Clean-ups\u201d and \u201cThank you, Sir David Attenborough\u201d; son parte de TAFU. Nadie tiene permitido actuar en nombre de ninguno de estos nombres, los cuales perteneces a TAFU, a menos de haber recibido permiso por escrito.<\/li>\n\n\n\n<li>Y por favor no olviden que nuestra meta es actuar y hacer, crear conciencia de responsabilidad personal y sentido com\u00fan y ser genuino y transparente.<\/li>\n\n\n\n<li>TAFU se reserva el derecho de editar los t\u00e9rminos y condiciones en cualquier momento, en caso de ser necesario.<\/li>\n<\/ul>\n","protected":false},"excerpt":{"rendered":"<p>T\u00e9rminos y Condiciones para ser Voluntario SE BUSCAN VOLUNTARIOS DE TODOS LOS PA\u00cdSES Si cree que es un buen candidato para este puesto, cont\u00e1ctenos en info@teensandfriendsunited.org<\/p>\n","protected":false},"author":1,"featured_media":0,"parent":0,"menu_order":0,"comment_status":"closed","ping_status":"closed","template":"templates\/full-width-page.php","meta":{"inline_featured_image":false,"_monsterinsights_skip_tracking":false,"_monsterinsights_sitenote_active":false,"_monsterinsights_sitenote_note":"","_monsterinsights_sitenote_category":0,"footnotes":""},"class_list":["post-3988","page","type-page","status-publish","hentry"],"_links":{"self":[{"href":"https:\/\/teensandfriendsunited.org\/index.php?rest_route=\/wp\/v2\/pages\/3988","targetHints":{"allow":["GET"]}}],"collection":[{"href":"https:\/\/teensandfriendsunited.org\/index.php?rest_route=\/wp\/v2\/pages"}],"about":[{"href":"https:\/\/teensandfriendsunited.org\/index.php?rest_route=\/wp\/v2\/types\/page"}],"author":[{"embeddable":true,"href":"https:\/\/teensandfriendsunited.org\/index.php?rest_route=\/wp\/v2\/users\/1"}],"replies":[{"embeddable":true,"href":"https:\/\/teensandfriendsunited.org\/index.php?rest_route=%2Fwp%2Fv2%2Fcomments&post=3988"}],"version-history":[{"count":3,"href":"https:\/\/teensandfriendsunited.org\/index.php?rest_route=\/wp\/v2\/pages\/3988\/revisions"}],"predecessor-version":[{"id":5518,"href":"https:\/\/teensandfriendsunited.org\/index.php?rest_route=\/wp\/v2\/pages\/3988\/revisions\/5518"}],"wp:attachment":[{"href":"https:\/\/teensandfriendsunited.org\/index.php?rest_route=%2Fwp%2Fv2%2Fmedia&parent=3988"}],"curies":[{"name":"wp","href":"https:\/\/api.w.org\/{rel}","templated":true}]}}